{"id":509,"date":"2022-07-02T18:33:30","date_gmt":"2022-07-02T16:33:30","guid":{"rendered":"https:\/\/lcli.lu\/?page_id=509"},"modified":"2025-09-23T20:40:45","modified_gmt":"2025-09-23T18:40:45","slug":"la-banque-alimentaire-du-luxembourg","status":"publish","type":"page","link":"https:\/\/lcli.lu\/en\/actions\/la-banque-alimentaire-du-luxembourg\/","title":{"rendered":"Luxembourg Food Bank"},"content":{"rendered":"<p>[et_pb_section fb_built=\u00a0\u00bb1&Prime; fullwidth=\u00a0\u00bbon\u00a0\u00bb _builder_version=\u00a0\u00bb4.18.0&Prime; _module_preset=\u00a0\u00bbdefault\u00a0\u00bb background_image=\u00a0\u00bbhttps:\/\/lcli.lu\/wp-content\/uploads\/2024\/03\/1mod.jpg\u00a0\u00bb da_disable_devices=\u00a0\u00bboff|off|off\u00a0\u00bb global_colors_info=\u00a0\u00bb{}\u00a0\u00bb da_is_popup=\u00a0\u00bboff\u00a0\u00bb da_exit_intent=\u00a0\u00bboff\u00a0\u00bb da_has_close=\u00a0\u00bbon\u00a0\u00bb da_alt_close=\u00a0\u00bboff\u00a0\u00bb da_dark_close=\u00a0\u00bboff\u00a0\u00bb da_not_modal=\u00a0\u00bbon\u00a0\u00bb da_is_singular=\u00a0\u00bboff\u00a0\u00bb da_with_loader=\u00a0\u00bboff\u00a0\u00bb da_has_shadow=\u00a0\u00bbon\u00a0\u00bb][et_pb_fullwidth_header text_orientation=\u00a0\u00bbcenter\u00a0\u00bb background_overlay_color=\u00a0\u00bbrgba(0,0,0,0.36)\u00a0\u00bb _builder_version=\u00a0\u00bb4.17.6&Prime; _module_preset=\u00a0\u00bbdefault\u00a0\u00bb title_level=\u00a0\u00bbh2&Prime; title_font=\u00a0\u00bb|||on|||||\u00a0\u00bb background_enable_color=\u00a0\u00bboff\u00a0\u00bb background_enable_image=\u00a0\u00bboff\u00a0\u00bb global_colors_info=\u00a0\u00bb{}\u00a0\u00bb]<\/p>\n<h1 style=\"color: white; font-size: 60px; font-weight: 800; line-height: 73px;\"><mark style=\"background-color: #e30613; color: white !important;\">\u00a0La Banque\u00a0 \u00a0Alimentaire du\u00a0 \u00a0Luxembourg\u00a0<\/mark><\/h1>\n<p>[\/et_pb_fullwidth_header][\/et_pb_section][et_pb_section fb_built=\u00a0\u00bb1&Prime; admin_label=\u00a0\u00bbsection\u00a0\u00bb _builder_version=\u00a0\u00bb4.16&Prime; custom_padding=\u00a0\u00bb||0px|||\u00a0\u00bb da_disable_devices=\u00a0\u00bboff|off|off\u00a0\u00bb global_colors_info=\u00a0\u00bb{}\u00a0\u00bb da_is_popup=\u00a0\u00bboff\u00a0\u00bb da_exit_intent=\u00a0\u00bboff\u00a0\u00bb da_has_close=\u00a0\u00bbon\u00a0\u00bb da_alt_close=\u00a0\u00bboff\u00a0\u00bb da_dark_close=\u00a0\u00bboff\u00a0\u00bb da_not_modal=\u00a0\u00bbon\u00a0\u00bb da_is_singular=\u00a0\u00bboff\u00a0\u00bb da_with_loader=\u00a0\u00bboff\u00a0\u00bb da_has_shadow=\u00a0\u00bbon\u00a0\u00bb][et_pb_row column_structure=\u00a0\u00bb1_3,2_3&Prime; admin_label=\u00a0\u00bbrow\u00a0\u00bb _builder_version=\u00a0\u00bb4.17.4&Prime; background_size=\u00a0\u00bbinitial\u00a0\u00bb background_position=\u00a0\u00bbtop_left\u00a0\u00bb background_repeat=\u00a0\u00bbrepeat\u00a0\u00bb custom_margin=\u00a0\u00bb||||false|false\u00a0\u00bb custom_padding=\u00a0\u00bb||70px||false|false\u00a0\u00bb global_colors_info=\u00a0\u00bb{}\u00a0\u00bb][et_pb_column type=\u00a0\u00bb1_3&Prime; _builder_version=\u00a0\u00bb4.17.4&Prime; custom_padding=\u00a0\u00bb|||\u00a0\u00bb sticky_position=\u00a0\u00bbtop\u00a0\u00bb sticky_offset_top=\u00a0\u00bb32px\u00a0\u00bb sticky_position_tablet=\u00a0\u00bbnone\u00a0\u00bb sticky_position_phone=\u00a0\u00bbnone\u00a0\u00bb sticky_position_last_edited=\u00a0\u00bbon|desktop\u00a0\u00bb global_colors_info=\u00a0\u00bb{}\u00a0\u00bb custom_padding__hover=\u00a0\u00bb|||\u00a0\u00bb][et_pb_text module_id=\u00a0\u00bbh2-inpage\u00a0\u00bb _builder_version=\u00a0\u00bb4.17.4&Prime; _module_preset=\u00a0\u00bbdefault\u00a0\u00bb text_font=\u00a0\u00bb|||on|||||\u00a0\u00bb text_text_color=\u00a0\u00bbgcid-698dcd22-d327-4ceb-b297-1ad55af2bc60&Prime; text_font_size=\u00a0\u00bb38px\u00a0\u00bb global_colors_info=\u00a0\u00bb{%22gcid-698dcd22-d327-4ceb-b297-1ad55af2bc60%22:%91%22text_text_color%22%93}\u00a0\u00bb]<\/p>\n<h2 style=\"font-size: 30px;\">Partage et redistribution<br \/>\n<span class=\"h2-blue-color\" style=\"font-size: 30px;\">aux plus d\u00e9munis<\/span><\/h2>\n<p>[\/et_pb_text][et_pb_text module_id=\u00a0\u00bbh2-inpage\u00a0\u00bb _builder_version=\u00a0\u00bb4.18.0&Prime; _module_preset=\u00a0\u00bbdefault\u00a0\u00bb text_font=\u00a0\u00bb|||on|||||\u00a0\u00bb text_text_color=\u00a0\u00bbgcid-698dcd22-d327-4ceb-b297-1ad55af2bc60&Prime; text_font_size=\u00a0\u00bb38px\u00a0\u00bb global_colors_info=\u00a0\u00bb{%22gcid-698dcd22-d327-4ceb-b297-1ad55af2bc60%22:%91%22text_text_color%22%93}\u00a0\u00bb]<\/p>\n<h2 style=\"font-size: 25px; font-weight: 300;\"><span class=\"h2-blue-color\" style=\"font-size: 25px;\">\u00ab<\/span> Ensemble,<br \/>nous servons <span class=\"h2-blue-color\" style=\"font-size: 25px;\">\u00bb<\/span><\/h2>\n<p>[\/et_pb_text][\/et_pb_column][et_pb_column type=\u00a0\u00bb2_3&Prime; _builder_version=\u00a0\u00bb4.16&Prime; custom_padding=\u00a0\u00bb|||\u00a0\u00bb global_colors_info=\u00a0\u00bb{}\u00a0\u00bb custom_padding__hover=\u00a0\u00bb|||\u00a0\u00bb][et_pb_text admin_label=\u00a0\u00bbText\u00a0\u00bb _builder_version=\u00a0\u00bb4.27.4&Prime; background_size=\u00a0\u00bbinitial\u00a0\u00bb background_position=\u00a0\u00bbtop_left\u00a0\u00bb background_repeat=\u00a0\u00bbrepeat\u00a0\u00bb custom_padding=\u00a0\u00bb1px|||||\u00a0\u00bb global_colors_info=\u00a0\u00bb{}\u00a0\u00bb]<\/p>\n<p style=\"font-weight: 400;\"><strong>Banque Alimentaire Luxembourg \u2013 Agir contre la faim, construire la solidarit\u00e9<\/strong><\/p>\n<p style=\"font-weight: 400;\">Le Lions Club Luxembourg International est profond\u00e9ment honor\u00e9 de collaborer avec la<span>\u00a0<\/span><strong>Banque Alimentaire Luxembourg<\/strong>, une institution d\u2019utilit\u00e9 publique engag\u00e9e depuis de nombreuses ann\u00e9es dans une mission vitale : soutenir les personnes en situation de pr\u00e9carit\u00e9 alimentaire au Luxembourg.<\/p>\n<p style=\"font-weight: 400;\"><strong>Qui est la Banque Alimentaire Luxembourg ?<\/strong><\/p>\n<p style=\"font-weight: 400;\">La Banque Alimentaire Luxembourg (a.s.b.l.) est reconnue comme \u00e9tablissement d\u2019utilit\u00e9 publique depuis le 18 octobre 2017.<br \/>Elle intervient dans un contexte social devenu de plus en plus difficile : le nombre de personnes vivant sous le seuil de pauvret\u00e9 augmente sans cesse, les dossiers sociaux se multiplient, et les aides non remboursables distribu\u00e9es par les offices sociaux connaissent une forte hausse.<\/p>\n<p style=\"font-weight: 400;\"><strong>Ses missions<\/strong><\/p>\n<ul style=\"font-weight: 400;\">\n<li><strong>Collecte, stockage et redistribution<\/strong><span>\u00a0<\/span>d\u2019aliments frais et non p\u00e9rissable, afin d\u2019aider ceux qui en ont besoin, tout en luttant contre le gaspillage alimentaire.<\/li>\n<li><strong>Accompagnement de la coh\u00e9sion sociale<\/strong><span>\u00a0<\/span>: l\u2019aide alimentaire n\u2019est pas seulement un soutien mat\u00e9riel, mais aussi un geste de solidarit\u00e9 qui renforce les liens communautaires.<\/li>\n<li><strong>Anticipation des besoins<\/strong><span>\u00a0<\/span>: dans un climat \u00e9conomique marqu\u00e9 par des incertitudes, l\u2019association observe une hausse significative de ses b\u00e9n\u00e9ficiaires \u2013 le nombre de personnes aid\u00e9es a<span>\u00a0<\/span><strong>doubl\u00e9 en quelques mois<\/strong>.<\/li>\n<li><strong>Mobilisation citoyenne<\/strong><span>\u00a0<\/span>: les collectes, les dons et l\u2019implication des partenaires et donateurs sont indispensables pour permettre \u00e0 la Banque Alimentaire de renouveler ses stocks et de maintenir son action.<\/li>\n<\/ul>\n<p style=\"font-weight: 400;\"><strong>Ce qui distingue leur action<\/strong><\/p>\n<ul style=\"font-weight: 400;\">\n<li>Leur statut d\u2019utilit\u00e9 publique leur permet de fonctionner avec une grande transparence. Les dons ou legs faits \u00e0 la Banque Alimentaire sont fiscalement d\u00e9ductibles selon les lois en vigueur.<\/li>\n<li>Une organisation de d\u00e9p\u00f4ts sp\u00e9cialis\u00e9e : d\u00e9p\u00f4t \u201csec\u201d et d\u00e9p\u00f4t \u201cfrais\u201d, adapt\u00e9s aux diff\u00e9rents types d\u2019aliments, ce qui garantit la qualit\u00e9 et la s\u00e9curit\u00e9 des denr\u00e9es distribu\u00e9es.<\/li>\n<li>Une collaboration forte avec des donateurs priv\u00e9s, des entreprises, des b\u00e9n\u00e9voles et des associations : tous unis pour faire face \u00e0 l\u2019urgence alimentaire. Le Lions Club Luxembourg International est fier de compter parmi ces partenaires engag\u00e9s.<\/li>\n<\/ul>\n<p style=\"font-weight: 400;\"><strong>Pourquoi leur action compte autant<\/strong><\/p>\n<ul style=\"font-weight: 400;\">\n<li>Parce qu\u2019ils interviennent sur un besoin fondamental :<span>\u00a0<\/span><strong>se nourrir<\/strong>, condition sine qua non pour vivre dignement, \u00e9tudier, travailler et participer \u00e0 la vie sociale.<\/li>\n<li>Parce qu\u2019ils r\u00e9pondent \u00e0 une crise silencieuse : beaucoup de personnes ne sont pas visibles dans les statistiques, mais subissent une pauvret\u00e9 alimentaire grandissante.<\/li>\n<li>Parce que leur travail permet non seulement de donner un repas, mais de renforcer l\u2019espoir, de redonner une dignit\u00e9 et de promouvoir la solidarit\u00e9 dans notre pays.<\/li>\n<\/ul>\n<p style=\"font-weight: 400;\">En soutenant la Banque Alimentaire Luxembourg, le Lions Club Luxembourg International r\u00e9affirme son engagement envers les principes d\u2019entraide, de respect et de justice sociale. Nous sommes fiers d\u2019\u00eatre \u00e0 ses c\u00f4t\u00e9s dans cette lutte, pour que chaque personne au Luxembourg puisse avoir acc\u00e8s \u00e0 une alimentation correcte, digne, et dans un esprit de solidarit\u00e9 partag\u00e9e<\/p>\n<p><strong><a href=\"https:\/\/lcli.lu\/wp-content\/uploads\/2025\/09\/Food-Bank-full-version-training-social-sponsoring-UK-V11_1-0225.pdf\" target=\"_blank\" rel=\"noopener\">Voir la pr\u00e9sentation<\/a><\/strong><\/p>\n<p>[\/et_pb_text][difl_dual_button alignment=\u00a0\u00bbleft\u00a0\u00bb btn_left_background_bgcolor=\u00a0\u00bbgcid-e2dd3659-4165-4fce-a1ed-23b1e4a4d946&Prime; btn_left_icon_color=\u00a0\u00bb1&Prime; btn_right_background_bgcolor=\u00a0\u00bbgcid-e2dd3659-4165-4fce-a1ed-23b1e4a4d946&Prime; btn_right_icon_color=\u00a0\u00bb1&Prime; left_button=\u00a0\u00bbVisitez le site web de La Banque Alimentaire du Luxembourg \u00a0\u00bb left_button_url=\u00a0\u00bbhttps:\/\/banquealimentaire.lu\/\u00a0\u00bb left_button_target=\u00a0\u00bbon\u00a0\u00bb _builder_version=\u00a0\u00bb4.27.4&Prime; _module_preset=\u00a0\u00bbdefault\u00a0\u00bb left_button_text_color=\u00a0\u00bb#FFFFFF\u00a0\u00bb right_button_text_color=\u00a0\u00bb#FFFFFF\u00a0\u00bb border_radii_left_button_wrapper=\u00a0\u00bbon|5px|5px|5px|5px\u00a0\u00bb box_shadow_style_left_button=\u00a0\u00bbpreset3&Prime; global_colors_info=\u00a0\u00bb{%22gcid-e2dd3659-4165-4fce-a1ed-23b1e4a4d946%22:%91%22btn_left_background_bgcolor%22%93}\u00a0\u00bb][\/difl_dual_button][et_pb_image src=\u00a0\u00bbhttps:\/\/lcli.lu\/wp-content\/uploads\/2022\/06\/logo_bali_1300x500-vert-clair.png\u00a0\u00bb title_text=\u00a0\u00bblogo_bali_1300x500-vert-clair\u00a0\u00bb url=\u00a0\u00bbhttp:\/\/banquealimentaire.lu\/\u00a0\u00bb url_new_window=\u00a0\u00bbon\u00a0\u00bb _builder_version=\u00a0\u00bb4.17.4&Prime; _module_preset=\u00a0\u00bbdefault\u00a0\u00bb width=\u00a0\u00bb40%\u00a0\u00bb global_colors_info=\u00a0\u00bb{}\u00a0\u00bb][\/et_pb_image][\/et_pb_column][\/et_pb_row][\/et_pb_section]<\/p>\n","protected":false},"excerpt":{"rendered":"<p>\u00a0La Banque\u00a0 \u00a0Alimentaire du\u00a0 \u00a0Luxembourg\u00a0Partage et redistribution aux plus d\u00e9munis\u00ab Ensemble,nous servons \u00bbBanque Alimentaire Luxembourg \u2013 Agir contre la faim, construire la solidarit\u00e9 Le Lions Club Luxembourg International est profond\u00e9ment honor\u00e9 de collaborer avec la\u00a0Banque Alimentaire Luxembourg, une institution d\u2019utilit\u00e9 publique engag\u00e9e depuis de nombreuses ann\u00e9es dans une mission vitale : soutenir les personnes en [&hellip;]<\/p>\n","protected":false},"author":1,"featured_media":0,"parent":495,"menu_order":0,"comment_status":"closed","ping_status":"closed","template":"","meta":{"_et_pb_use_builder":"on","_et_pb_old_content":"","_et_gb_content_width":"","footnotes":""},"class_list":["post-509","page","type-page","status-publish","hentry"],"_links":{"self":[{"href":"https:\/\/lcli.lu\/en\/wp-json\/wp\/v2\/pages\/509","targetHints":{"allow":["GET"]}}],"collection":[{"href":"https:\/\/lcli.lu\/en\/wp-json\/wp\/v2\/pages"}],"about":[{"href":"https:\/\/lcli.lu\/en\/wp-json\/wp\/v2\/types\/page"}],"author":[{"embeddable":true,"href":"https:\/\/lcli.lu\/en\/wp-json\/wp\/v2\/users\/1"}],"replies":[{"embeddable":true,"href":"https:\/\/lcli.lu\/en\/wp-json\/wp\/v2\/comments?post=509"}],"version-history":[{"count":25,"href":"https:\/\/lcli.lu\/en\/wp-json\/wp\/v2\/pages\/509\/revisions"}],"predecessor-version":[{"id":3759,"href":"https:\/\/lcli.lu\/en\/wp-json\/wp\/v2\/pages\/509\/revisions\/3759"}],"up":[{"embeddable":true,"href":"https:\/\/lcli.lu\/en\/wp-json\/wp\/v2\/pages\/495"}],"wp:attachment":[{"href":"https:\/\/lcli.lu\/en\/wp-json\/wp\/v2\/media?parent=509"}],"curies":[{"name":"wp","href":"https:\/\/api.w.org\/{rel}","templated":true}]}}

<p>[et_pb_section fb_built= »1&Prime; fullwidth= »on » _builder_version= »4.18.0&Prime; _module_preset= »default » background_image= »https://lcli.lu/wp-content/uploads/2024/03/1mod.jpg » da_disable_devices= »off|off|off » global_colors_info= »{} » da_is_popup= »off » da_exit_intent= »off » da_has_close= »on » da_alt_close= »off » da_dark_close= »off » da_not_modal= »on » da_is_singular= »off » da_with_loader= »off » da_has_shadow= »on »][et_pb_fullwidth_header text_orientation= »center » background_overlay_color= »rgba(0,0,0,0.36) » _builder_version= »4.17.6&Prime; _module_preset= »default » title_level= »h2&Prime; title_font= »|||on||||| » background_enable_color= »off » background_enable_image= »off » global_colors_info= »{} »]</p>
<h1 style="color: white; font-size: 60px; font-weight: 800; line-height: 73px;"><mark style="background-color: #e30613; color: white !important;"> La Banque   Alimentaire du   Luxembourg </mark></h1>
<p>[/et_pb_fullwidth_header][/et_pb_section][et_pb_section fb_built= »1&Prime; admin_label= »section » _builder_version= »4.16&Prime; custom_padding= »||0px||| » da_disable_devices= »off|off|off » global_colors_info= »{} » da_is_popup= »off » da_exit_intent= »off » da_has_close= »on » da_alt_close= »off » da_dark_close= »off » da_not_modal= »on » da_is_singular= »off » da_with_loader= »off » da_has_shadow= »on »][et_pb_row column_structure= »1_3,2_3&Prime; admin_label= »row » _builder_version= »4.17.4&Prime; background_size= »initial » background_position= »top_left » background_repeat= »repeat » custom_margin= »||||false|false » custom_padding= »||70px||false|false » global_colors_info= »{} »][et_pb_column type= »1_3&Prime; _builder_version= »4.17.4&Prime; custom_padding= »||| » sticky_position= »top » sticky_offset_top= »32px » sticky_position_tablet= »none » sticky_position_phone= »none » sticky_position_last_edited= »on|desktop » global_colors_info= »{} » custom_padding__hover= »||| »][et_pb_text module_id= »h2-inpage » _builder_version= »4.17.4&Prime; _module_preset= »default » text_font= »|||on||||| » text_text_color= »gcid-698dcd22-d327-4ceb-b297-1ad55af2bc60&Prime; text_font_size= »38px » global_colors_info= »{%22gcid-698dcd22-d327-4ceb-b297-1ad55af2bc60%22:%91%22text_text_color%22%93} »]</p>
<h2 style="font-size: 30px;">Partage et redistribution<br />
<span class="h2-blue-color" style="font-size: 30px;">aux plus démunis</span></h2>
<p>[/et_pb_text][et_pb_text module_id= »h2-inpage » _builder_version= »4.18.0&Prime; _module_preset= »default » text_font= »|||on||||| » text_text_color= »gcid-698dcd22-d327-4ceb-b297-1ad55af2bc60&Prime; text_font_size= »38px » global_colors_info= »{%22gcid-698dcd22-d327-4ceb-b297-1ad55af2bc60%22:%91%22text_text_color%22%93} »]</p>
<h2 style="font-size: 25px; font-weight: 300;"><span class="h2-blue-color" style="font-size: 25px;">«</span> Ensemble,<br />nous servons <span class="h2-blue-color" style="font-size: 25px;">»</span></h2>
<p>[/et_pb_text][/et_pb_column][et_pb_column type= »2_3&Prime; _builder_version= »4.16&Prime; custom_padding= »||| » global_colors_info= »{} » custom_padding__hover= »||| »][et_pb_text admin_label= »Text » _builder_version= »4.27.4&Prime; background_size= »initial » background_position= »top_left » background_repeat= »repeat » custom_padding= »1px||||| » global_colors_info= »{} »]</p>
<p style="font-weight: 400;"><strong>Banque Alimentaire Luxembourg – Agir contre la faim, construire la solidarité</strong></p>
<p style="font-weight: 400;">Le Lions Club Luxembourg International est profondément honoré de collaborer avec la<span> </span><strong>Banque Alimentaire Luxembourg</strong>, une institution d’utilité publique engagée depuis de nombreuses années dans une mission vitale : soutenir les personnes en situation de précarité alimentaire au Luxembourg.</p>
<p style="font-weight: 400;"><strong>Qui est la Banque Alimentaire Luxembourg ?</strong></p>
<p style="font-weight: 400;">La Banque Alimentaire Luxembourg (a.s.b.l.) est reconnue comme établissement d’utilité publique depuis le 18 octobre 2017.<br />Elle intervient dans un contexte social devenu de plus en plus difficile : le nombre de personnes vivant sous le seuil de pauvreté augmente sans cesse, les dossiers sociaux se multiplient, et les aides non remboursables distribuées par les offices sociaux connaissent une forte hausse.</p>
<p style="font-weight: 400;"><strong>Ses missions</strong></p>
<ul style="font-weight: 400;">
<li><strong>Collecte, stockage et redistribution</strong><span> </span>d’aliments frais et non périssable, afin d’aider ceux qui en ont besoin, tout en luttant contre le gaspillage alimentaire.</li>
<li><strong>Accompagnement de la cohésion sociale</strong><span> </span>: l’aide alimentaire n’est pas seulement un soutien matériel, mais aussi un geste de solidarité qui renforce les liens communautaires.</li>
<li><strong>Anticipation des besoins</strong><span> </span>: dans un climat économique marqué par des incertitudes, l’association observe une hausse significative de ses bénéficiaires – le nombre de personnes aidées a<span> </span><strong>doublé en quelques mois</strong>.</li>
<li><strong>Mobilisation citoyenne</strong><span> </span>: les collectes, les dons et l’implication des partenaires et donateurs sont indispensables pour permettre à la Banque Alimentaire de renouveler ses stocks et de maintenir son action.</li>
</ul>
<p style="font-weight: 400;"><strong>Ce qui distingue leur action</strong></p>
<ul style="font-weight: 400;">
<li>Leur statut d’utilité publique leur permet de fonctionner avec une grande transparence. Les dons ou legs faits à la Banque Alimentaire sont fiscalement déductibles selon les lois en vigueur.</li>
<li>Une organisation de dépôts spécialisée : dépôt “sec” et dépôt “frais”, adaptés aux différents types d’aliments, ce qui garantit la qualité et la sécurité des denrées distribuées.</li>
<li>Une collaboration forte avec des donateurs privés, des entreprises, des bénévoles et des associations : tous unis pour faire face à l’urgence alimentaire. Le Lions Club Luxembourg International est fier de compter parmi ces partenaires engagés.</li>
</ul>
<p style="font-weight: 400;"><strong>Pourquoi leur action compte autant</strong></p>
<ul style="font-weight: 400;">
<li>Parce qu’ils interviennent sur un besoin fondamental :<span> </span><strong>se nourrir</strong>, condition sine qua non pour vivre dignement, étudier, travailler et participer à la vie sociale.</li>
<li>Parce qu’ils répondent à une crise silencieuse : beaucoup de personnes ne sont pas visibles dans les statistiques, mais subissent une pauvreté alimentaire grandissante.</li>
<li>Parce que leur travail permet non seulement de donner un repas, mais de renforcer l’espoir, de redonner une dignité et de promouvoir la solidarité dans notre pays.</li>
</ul>
<p style="font-weight: 400;">En soutenant la Banque Alimentaire Luxembourg, le Lions Club Luxembourg International réaffirme son engagement envers les principes d’entraide, de respect et de justice sociale. Nous sommes fiers d’être à ses côtés dans cette lutte, pour que chaque personne au Luxembourg puisse avoir accès à une alimentation correcte, digne, et dans un esprit de solidarité partagée</p>
<p><strong><a href="https://lcli.lu/wp-content/uploads/2025/09/Food-Bank-full-version-training-social-sponsoring-UK-V11_1-0225.pdf" target="_blank" rel="noopener">Voir la présentation</a></strong></p>
<p>[/et_pb_text][difl_dual_button alignment= »left » btn_left_background_bgcolor= »gcid-e2dd3659-4165-4fce-a1ed-23b1e4a4d946&Prime; btn_left_icon_color= »1&Prime; btn_right_background_bgcolor= »gcid-e2dd3659-4165-4fce-a1ed-23b1e4a4d946&Prime; btn_right_icon_color= »1&Prime; left_button= »Visitez le site web de La Banque Alimentaire du Luxembourg  » left_button_url= »https://banquealimentaire.lu/ » left_button_target= »on » _builder_version= »4.27.4&Prime; _module_preset= »default » left_button_text_color= »#FFFFFF » right_button_text_color= »#FFFFFF » border_radii_left_button_wrapper= »on|5px|5px|5px|5px » box_shadow_style_left_button= »preset3&Prime; global_colors_info= »{%22gcid-e2dd3659-4165-4fce-a1ed-23b1e4a4d946%22:%91%22btn_left_background_bgcolor%22%93} »][/difl_dual_button][et_pb_image src= »https://lcli.lu/wp-content/uploads/2022/06/logo_bali_1300x500-vert-clair.png » title_text= »logo_bali_1300x500-vert-clair » url= »http://banquealimentaire.lu/ » url_new_window= »on » _builder_version= »4.17.4&Prime; _module_preset= »default » width= »40% » global_colors_info= »{} »][/et_pb_image][/et_pb_column][/et_pb_row][/et_pb_section]</p>

<p> La Banque   Alimentaire du   Luxembourg Partage et redistribution aux plus démunis« Ensemble,nous servons »Banque Alimentaire Luxembourg – Agir contre la faim, construire la solidarité Le Lions Club Luxembourg International est profondément honoré de collaborer avec la Banque Alimentaire Luxembourg, une institution d’utilité publique engagée depuis de nombreuses années dans une mission vitale : soutenir les personnes en [&hellip;]</p>
